{"id":2491,"date":"2018-09-12T04:25:04","date_gmt":"2018-09-12T02:25:04","guid":{"rendered":"https:\/\/www.musiklehre.at\/g7\/?page_id=2491"},"modified":"2022-07-11T11:40:07","modified_gmt":"2022-07-11T09:40:07","slug":"autor-der-musiklehre-online","status":"publish","type":"page","link":"https:\/\/www.musiklehre.at\/g7\/autor-der-musiklehre-online\/","title":{"rendered":"Autor der Musiklehre Online"},"content":{"rendered":"<p>Mag. art. Johannes Kaiser-Kaplaner<br \/>\nFax: +43 (0) 1253 3033 8989<br \/>\nkk(@)musica.at <\/p>\n<p>Auszug aus dem Lebenslauf:<\/p>\n<div class=\"Rtable\">\n<div class=\"Rtable-cell\" style=\"width:20%; text-align:right;\">1961<\/div>\n<div class=\"Rtable-cell\" style=\"width:80%; text-align:left;\">geboren in Klagenfurt, K\u00e4rnten, \u00d6sterreich<\/div>\n<div class=\"Rtable-cell\" style=\"width:20%; text-align:right;\">1967 &#8211; 1979<\/div>\n<div class=\"Rtable-cell\" style=\"width:80%; text-align:left;\">Violoncellounterricht am K\u00e4rntner Landeskonservatorium<\/div>\n<div class=\"Rtable-cell\" style=\"width:20%; text-align:right;\">1969 &#8211; 1979<\/div>\n<div class=\"Rtable-cell\" style=\"width:80%; text-align:left;\">Klavierunterricht am K\u00e4rntner Landeskonservatorium<\/div>\n<div class=\"Rtable-cell\" style=\"width:20%; text-align:right;\">1971 &#8211; 1979<\/div>\n<div class=\"Rtable-cell\" style=\"width:80%; text-align:left;\">Realgymnasium unter besonderer Ber\u00fccksichtigung der musischen Ausbildung. Musikgymnasium BRG Klagenfurt-Viktring<\/div>\n<div class=\"Rtable-cell\" style=\"width:20%; text-align:right;\">1978 &#8211; 1979<\/div>\n<div class=\"Rtable-cell\" style=\"width:80%; text-align:left;\">Studium Instrumental- und Gesangsp\u00e4dagogik (IGP) am K\u00e4rntner Landeskonservatorium<\/div>\n<div class=\"Rtable-cell\" style=\"width:20%; text-align:right;\">1979 &#8211; 1985<\/div>\n<div class=\"Rtable-cell\" style=\"width:80%; text-align:left;\">Studium an der Musikuniversit\u00e4t Graz. Abschluss Lehramt Schulmusik &#038; Instrumentalmusikerziehung (Violoncello &#038; Klavier). <\/div>\n<div class=\"Rtable-cell\" style=\"width:20%; text-align:right;\">1979 &#8211; 1985<\/div>\n<div class=\"Rtable-cell\" style=\"width:80%; text-align:left;\">Mitglied (Cellist) des Grazer Symphonischen Orchesters<\/div>\n<div class=\"Rtable-cell\" style=\"width:20%; text-align:right;\">1987<\/div>\n<div class=\"Rtable-cell\" style=\"width:80%; text-align:left;\">Ver\u00f6ffentlichung der Geh\u00f6rschulungssoftware &#8222;Das Geh\u00f6r&#8220; f\u00fcr Atari-ST<\/div>\n<div class=\"Rtable-cell\" style=\"width:20%; text-align:right;\">1985 &#8211; 1991<\/div>\n<div class=\"Rtable-cell\" style=\"width:80%; text-align:left;\">Cellist im ORF-Kammerorchester des ORF-Landesstudios in K\u00e4rnten<\/div>\n<div class=\"Rtable-cell\" style=\"width:20%; text-align:right;\">1993<\/div>\n<div class=\"Rtable-cell\" style=\"width:80%; text-align:left;\">Gewerbeanmeldung &#8211; Mitglied der Wirtschaftskammer K\u00e4rnten<\/div>\n<div class=\"Rtable-cell\" style=\"width:20%; text-align:right;\">1993 &#8211; 1998<\/div>\n<div class=\"Rtable-cell\" style=\"width:80%; text-align:left;\">Ver\u00f6ffentlichung der Musikprogramme &#8222;Komponisten-Quiz&#8220;, &#8222;<a href=\"https:\/\/www.musiklehre.at\/g7\/melodien_quiz\/\" target=\"_top\" rel=\"noopener\">Melodien-Quiz<\/a>&#8220; und &#8222;Rhyhtmus-Trainer&#8220; f\u00fcr Windows<\/div>\n<div class=\"Rtable-cell\" style=\"width:20%; text-align:right;\">1998<\/div>\n<div class=\"Rtable-cell\" style=\"width:80%; text-align:left;\">Ver\u00f6ffentlichung der &#8222;Musiklehre Online&#8220; unter der Domain musica.at. Ab 2000 unter der Domain musiklehre.at<\/div>\n<div class=\"Rtable-cell\" style=\"width:20%; text-align:right;\">2000<\/div>\n<div class=\"Rtable-cell\" style=\"width:80%; text-align:left;\">Auflage der Musikprogramme &#8222;Komponisten-Quiz&#8220;, &#8222;Melodien-Quiz&#8220; und &#8222;Rhyhtmus-Trainer&#8220; f\u00fcr den Mildenberger Verlag<\/div>\n<div class=\"Rtable-cell\" style=\"width:20%; text-align:right;\">1976 &#8211; 2002<\/div>\n<div class=\"Rtable-cell\" style=\"width:80%; text-align:left;\">Cellist in verschiendenen Ensembles und Orchestern<\/div>\n<div class=\"Rtable-cell\" style=\"width:20%; text-align:right;\">1985 &#8211; 2002<\/div>\n<div class=\"Rtable-cell\" style=\"width:80%; text-align:left;\">Lehrer (Musik- und Instrumentalunterricht) am Musikgymnasium Viktring<\/div>\n<div class=\"Rtable-cell\" style=\"width:20%; text-align:right;\">1985 &#8211; 2012<\/div>\n<div class=\"Rtable-cell\" style=\"width:80%; text-align:left;\">Angestellter des Landesschulrats von K\u00e4rnten<\/div>\n<div class=\"Rtable-cell\" style=\"width:20%; text-align:center;\">&#8230;<\/div>\n<div class=\"Rtable-cell\" style=\"width:80%; text-align:left;\">&#8230;<\/div>\n<\/div>\n","protected":false},"excerpt":{"rendered":"<p>Mag. art. Johannes Kaiser-Kaplaner Fax: +43 (0) 1253 3033 8989 kk(@)musica.at Auszug aus dem Lebenslauf: 1961 geboren in Klagenfurt, K\u00e4rnten, \u00d6sterreich 1967 &#8211; 1979 Violoncellounterricht am K\u00e4rntner Landeskonservatorium 1969 &#8211; 1979 Klavierunterricht am K\u00e4rntner Landeskonservatorium 1971 &#8211; 1979 Realgymnasium unter besonderer Ber\u00fccksichtigung der musischen Ausbildung. Musikgymnasium BRG Klagenfurt-Viktring 1978 &#8211; 1979 Studium Instrumental- und Gesangsp\u00e4dagogik [&hellip;]<\/p>\n","protected":false},"author":2,"featured_media":2952,"parent":0,"menu_order":0,"comment_status":"closed","ping_status":"closed","template":"","meta":{"footnotes":""},"class_list":["post-2491","page","type-page","status-publish","has-post-thumbnail","hentry"],"_links":{"self":[{"href":"https:\/\/www.musiklehre.at\/g7\/wp-json\/wp\/v2\/pages\/2491","targetHints":{"allow":["GET"]}}],"collection":[{"href":"https:\/\/www.musiklehre.at\/g7\/wp-json\/wp\/v2\/pages"}],"about":[{"href":"https:\/\/www.musiklehre.at\/g7\/wp-json\/wp\/v2\/types\/page"}],"author":[{"embeddable":true,"href":"https:\/\/www.musiklehre.at\/g7\/wp-json\/wp\/v2\/users\/2"}],"replies":[{"embeddable":true,"href":"https:\/\/www.musiklehre.at\/g7\/wp-json\/wp\/v2\/comments?post=2491"}],"version-history":[{"count":6,"href":"https:\/\/www.musiklehre.at\/g7\/wp-json\/wp\/v2\/pages\/2491\/revisions"}],"predecessor-version":[{"id":4233,"href":"https:\/\/www.musiklehre.at\/g7\/wp-json\/wp\/v2\/pages\/2491\/revisions\/4233"}],"wp:featuredmedia":[{"embeddable":true,"href":"https:\/\/www.musiklehre.at\/g7\/wp-json\/wp\/v2\/media\/2952"}],"wp:attachment":[{"href":"https:\/\/www.musiklehre.at\/g7\/wp-json\/wp\/v2\/media?parent=2491"}],"curies":[{"name":"wp","href":"https:\/\/api.w.org\/{rel}","templated":true}]}}

<p>Mag. art. Johannes Kaiser-Kaplaner<br />
Fax: +43 (0) 1253 3033 8989<br />
kk(@)musica.at </p>
<p>Auszug aus dem Lebenslauf:</p>
<div class="Rtable">
<div class="Rtable-cell" style="width:20%; text-align:right;">1961</div>
<div class="Rtable-cell" style="width:80%; text-align:left;">geboren in Klagenfurt, Kärnten, Österreich</div>
<div class="Rtable-cell" style="width:20%; text-align:right;">1967 &#8211; 1979</div>
<div class="Rtable-cell" style="width:80%; text-align:left;">Violoncellounterricht am Kärntner Landeskonservatorium</div>
<div class="Rtable-cell" style="width:20%; text-align:right;">1969 &#8211; 1979</div>
<div class="Rtable-cell" style="width:80%; text-align:left;">Klavierunterricht am Kärntner Landeskonservatorium</div>
<div class="Rtable-cell" style="width:20%; text-align:right;">1971 &#8211; 1979</div>
<div class="Rtable-cell" style="width:80%; text-align:left;">Realgymnasium unter besonderer Berücksichtigung der musischen Ausbildung. Musikgymnasium BRG Klagenfurt-Viktring</div>
<div class="Rtable-cell" style="width:20%; text-align:right;">1978 &#8211; 1979</div>
<div class="Rtable-cell" style="width:80%; text-align:left;">Studium Instrumental- und Gesangspädagogik (IGP) am Kärntner Landeskonservatorium</div>
<div class="Rtable-cell" style="width:20%; text-align:right;">1979 &#8211; 1985</div>
<div class="Rtable-cell" style="width:80%; text-align:left;">Studium an der Musikuniversität Graz. Abschluss Lehramt Schulmusik &#038; Instrumentalmusikerziehung (Violoncello &#038; Klavier). </div>
<div class="Rtable-cell" style="width:20%; text-align:right;">1979 &#8211; 1985</div>
<div class="Rtable-cell" style="width:80%; text-align:left;">Mitglied (Cellist) des Grazer Symphonischen Orchesters</div>
<div class="Rtable-cell" style="width:20%; text-align:right;">1987</div>
<div class="Rtable-cell" style="width:80%; text-align:left;">Veröffentlichung der Gehörschulungssoftware &#8222;Das Gehör&#8220; für Atari-ST</div>
<div class="Rtable-cell" style="width:20%; text-align:right;">1985 &#8211; 1991</div>
<div class="Rtable-cell" style="width:80%; text-align:left;">Cellist im ORF-Kammerorchester des ORF-Landesstudios in Kärnten</div>
<div class="Rtable-cell" style="width:20%; text-align:right;">1993</div>
<div class="Rtable-cell" style="width:80%; text-align:left;">Gewerbeanmeldung &#8211; Mitglied der Wirtschaftskammer Kärnten</div>
<div class="Rtable-cell" style="width:20%; text-align:right;">1993 &#8211; 1998</div>
<div class="Rtable-cell" style="width:80%; text-align:left;">Veröffentlichung der Musikprogramme &#8222;Komponisten-Quiz&#8220;, &#8222;<a href="https://www.musiklehre.at/g7/melodien_quiz/" target="_top" rel="noopener">Melodien-Quiz</a>&#8220; und &#8222;Rhyhtmus-Trainer&#8220; für Windows</div>
<div class="Rtable-cell" style="width:20%; text-align:right;">1998</div>
<div class="Rtable-cell" style="width:80%; text-align:left;">Veröffentlichung der &#8222;Musiklehre Online&#8220; unter der Domain musica.at. Ab 2000 unter der Domain musiklehre.at</div>
<div class="Rtable-cell" style="width:20%; text-align:right;">2000</div>
<div class="Rtable-cell" style="width:80%; text-align:left;">Auflage der Musikprogramme &#8222;Komponisten-Quiz&#8220;, &#8222;Melodien-Quiz&#8220; und &#8222;Rhyhtmus-Trainer&#8220; für den Mildenberger Verlag</div>
<div class="Rtable-cell" style="width:20%; text-align:right;">1976 &#8211; 2002</div>
<div class="Rtable-cell" style="width:80%; text-align:left;">Cellist in verschiendenen Ensembles und Orchestern</div>
<div class="Rtable-cell" style="width:20%; text-align:right;">1985 &#8211; 2002</div>
<div class="Rtable-cell" style="width:80%; text-align:left;">Lehrer (Musik- und Instrumentalunterricht) am Musikgymnasium Viktring</div>
<div class="Rtable-cell" style="width:20%; text-align:right;">1985 &#8211; 2012</div>
<div class="Rtable-cell" style="width:80%; text-align:left;">Angestellter des Landesschulrats von Kärnten</div>
<div class="Rtable-cell" style="width:20%; text-align:center;">&#8230;</div>
<div class="Rtable-cell" style="width:80%; text-align:left;">&#8230;</div>
</div>

<p>Mag. art. Johannes Kaiser-Kaplaner Fax: +43 (0) 1253 3033 8989 kk(@)musica.at Auszug aus dem Lebenslauf: 1961 geboren in Klagenfurt, Kärnten, Österreich 1967 &#8211; 1979 Violoncellounterricht am Kärntner Landeskonservatorium 1969 &#8211; 1979 Klavierunterricht am Kärntner Landeskonservatorium 1971 &#8211; 1979 Realgymnasium unter besonderer Berücksichtigung der musischen Ausbildung. Musikgymnasium BRG Klagenfurt-Viktring 1978 &#8211; 1979 Studium Instrumental- und Gesangspädagogik [&hellip;]</p>
